 -63 - (-290 + 187 - -107)?
58
What is the value of (1 - 48) + 4630 + -4607?
-24
Calculate -11 - (-8 + 0) - (-22 + 1).
18
What is -50 + (-13 - 1) + (41 - (-9 + 37 + -10))?
-41
What is the value of 9 - 14 - (-8 - 3) - (-18 + 20)?
4
What is 14 - (46 + -8) - (6 + 5)?
-35
What is the value of -2 + 6 + (161 + -19 - 140 - (32 + -1))?
-25
Evaluate -51 + (3 - -8 - (231 - 253)).
-18
What is -28 - (37 + -32 + 4 - (-2 + 0 + 12))?
-27
41 + (-51 - -20) - 57
-47
-165 - -99 - -118 - (1 + 14 + -1)
38
-821 + 898 - (1 - -104)
-28
0 + -8 - (94 + -73 - (-18 - 1))
-48
Evaluate (3 - 7) + 2 + 1 - (-3449 + 3455).
-7
5 + (6 + -19 + 0 - -14)
6
Evaluate -5 + (1 - (8 - (7 + -16 + 24))) - -37.
40
90 + (39 - 140) + 47
36
What is the value of -21 + (-10 - -45) + (-35 - 6)?
-27
What is the value of -25 - (-46 - (25 + -128))?
-82
What is -13569 + 13524 - (-1 - (1 + 12))?
-31
Calculate 26 + (25 - 28) + 22 - -14.
59
Evaluate 11 - 0 - (-17 + (-42 - 2)).
72
What is -12 - ((-187 - -178) + (0 - (-6 + 0)))?
-9
What is the value of 4376 - 4301 - (-24 - 1)?
100
Evaluate -16 + 49 + -112 - -41.
-38
Evaluate -80 - 3 - ((7 - 25) + -3 - -16).
-78
What is the value of -52 - (49 + -30 + -29)?
-42
What is the value of 52 + -20 - (30 - -21)?
-19
What is (12 - 10) + (-7 - (-41 - (8 - 15)))?
29
Evaluate -3 + 6 + -4 + -5 + (75 - -11) + -4.
76
What is 133 + -92 + (-17 - (28 + -10))?
6
Evaluate (2 - 1 - -2 - (3 + -2)) + -26 + -41.
-65
11 - (-7 - (-1 - ((-3 - -12) + -22)))
30
What is -101 - (6 - 76) - (-71 - 0)?
40
What is -85 - (9 + -14 + (9 - 25))?
-64
Evaluate (-23 - (13 + -18)) + (9 - (-1 - 7)).
-1
Calculate -4 + (21 - 40) - (-11 - -5).
-17
Evaluate 34 + -33 + (0 - 3) + 4 + 5.
7
What is the value of -165 - -105 - (-37 + -103)?
80
-2 + -4 + -295 + 236
-65
What is 57 - (23 - (14 - 14))?
34
What is 1 + (-2 - (-3 - (-15 + (13 - -62))))?
62
(-6 + -30 - -81) + -43
2
What is the value of 65 + (69 - 121) - -73?
86
-17 - (29 - (22 - 43 - -27))
-40
Evaluate (0 + -9 - (-2 - 1)) + -452 + 500 + -2.
40
Evaluate 15 + 36 + (32 - 5 - 40).
38
-13 + (-2 + 0 - -1) - (3779 + -3856)
63
What is the value of 28 - (113 + 22 + -77)?
-30
What is the value of (-11 - 0) + -3 + 9 - -6 - (-22 - -29)?
-6
What is 1 + 31 + -4 + (-11 - 3)?
14
Calculate -5 + (1 - -1 - 11) + (-49 - 6).
-69
What is 48 - 4 - (8 - (9 + -13)) - -7?
39
What is -41 - 18 - 9 - (-1 + 0 - 18)?
-49
Evaluate 3 + -4 + 7 + 13 + 61 + 3.
83
What is the value of 18 - 1 - (23 + -17 - 23)?
34
(18 - (0 - (-43 + 0))) + -7
-32
-9 + 10 + -14 + 4 + 5 + -3 - 68
-75
Evaluate 18 - 199 - -105 - -134.
58
What is the value of (-23 - (-57 - 1)) + -26 - 64?
-55
What is the value of 22 - (-26 + 69) - (0 + 2 + (4 - 16))?
-11
What is (2 - 2) + 7 + 50 + -40?
17
Calculate 10 - (9 + (5 - 7)) - (54 + 11 - -8).
-70
Evaluate 505 + -471 - (0 + -1 + (-5 - -7)) - -6.
39
(-61 - -26) + 8 - (-69 - -44)
-2
Calculate 3 + 58 + 9 - (5 + (0 - (-6 + 1))).
60
Calculate -50 + -20 + 6 - -87.
23
What is 10 - ((0 - (-6 + -1) - 17) + 123 - 9)?
-94
1 + (0 - 65) + 124 + -67 + -59
-66
Calculate 2 + (-6 + 6 - -6) - (-840 - -801).
47
What is the value of -57 + (2 - (9 + 1 + 1)) - -12?
-54
Calculate 24 + -88 + 67 - 33.
-30
Calculate -7 + (-20 - 5 - (-29 - -5)).
-8
(3 - (5 - 3) - 9) + 12 + 32 + -51
-15
Evaluate 38 + (87 - (3 + 71)).
51
What is the value of (-933 - -982) + (-1 - 57)?
-9
What is the value of -86 - (58 - (48 - -43))?
-53
What is (2 - -16) + 88 + -123 + -9?
-26
Evaluate 1 + 110 + 3 + 12 + -4 + (-158 - -146).
110
What is the value of 34 - (9 - -2) - -54?
77
What is (-9 + 17 - (16 + -8 + 5)) + 61?
56
53 + 1 + 44 + -52
46
Evaluate 1 + 0 - (-4 + 6) - (1160 + -1109).
-52
What is the value of (7 - (-1 - 0)) + (9 - 4) + (-153 - -59)?
-81
Calculate (-15 - -4 - -4) + -11 + 8 + 4 + -54.
-60
(-40 + 34 - -5) + 102 + -4 + -3 + -2
92
Calculate -33 - -61 - (19 - 5) - 39.
-25
Evaluate 85 + -97 + (71 + -1 - -2).
60
Calculate (10 - -8 - (6 + 35)) + 48.
25
Evaluate -11 + 0 + (-3 - 1) + (583 - 573) + 71.
66
What is the value of (-4 - -8) + 24 + (-60 - -39)?
7
Evaluate 0 + 29 + -1 + -318 + 265.
-25
What is the value of (-10 - (122 - 79)) + 4?
-49
4 - (32 - 57) - (4 + 25)
0
What is -72 + 0 + -3 + (-47 + 70 - 16)?
-68
Calculate 10 + (6 + -15 - (-1 + -8)) - 23.
-13
Calculate -1 + -1 + -10 + (26 - (207 - 273)).
80
What is -4 + 0 + 2 + -8 - (-1096 + 1039)?
47
What is the value of -58 - (-10 - (-2 - 9) - (-6 + 14 + -2))?
-53
Calculate -35 - (41 - 65 - -2).
-13
What is the value of 3 + -1 - (-54 - -27 - (-19 + 13))?
23
What is the value of 26 - -4 - (-6 - (-2 + (-4 - -8)))?
38
Calculate -6 + (-10 - 53) + 19 + 13 + -19 + 2.
-54
Calculate -39 + 2 + 8 + -9 + (-5 - (-4 - 4)).
-35
What is -72 - (53 - 107) - -41?
23
What is (4 - (1 + -4 - -7) - 96) + -74 + 85?
-85
What is the value of -32 + -1 + 11 + -15 + -6 + 5 + -4?
-42
Calculate (-12 - 1 - (-66 - (-82 + 33))) + -88.
-84
Calculate 5 + 6 + (3 - 3 - 35) + 4.
-20
What is 15 + -13 + (-3 - 1 - (-8 - (22 - 33)))?
-5
Evaluate 37 - (13 - (-82 - 7)).
-65
Evaluate (-3 - -4) + 34 + -20 + 1 + 20.
36
Calculate (-1 - -75) + (-6913 - -6775).
-64
Calculate -62 + (-1 - (-45 - 3)).
-15
What is the value of -16 + 77 + 1 + -89?
-27
What is 25 + 107 + -25 + (-5 + 23 - 7)?
118
4 + (3 + (-3 - 8) - (1 + -37))
32
Evaluate (-10 - -4) + -10 + 154 + -146.
-8
Evaluate (11 - 31) + -21 + 94 + -23 + -3.
27
What is (1 - 1 - 17) + (30 + -65 + 12 - -26)?
-14
Evaluate -23 - 2 - (1 + -2) - (94 + -3 - 103).
-12
Calculate (-1 + 9 - -77) + -75 + 56.
66
Calculate (3 - -17) + 27 + -10 + -5.
32
What is -2 + 0 - 68 - ((-69 - -26) + 32)?
-59
60 - 40 - 5 - 44
-29
What is the value of (0 - 7 - 112) + -1 - 5 - (-53 - -41)?
-113
What is (-8 - (-21 + -53)) + -43?
23
What is -10 - (2 - 12 - (12 + -25 + 20 - 8))?
-1
20 + 1 - (-1003 - -988) - 5
31
157 - 103 - (16 - 8)
46
Evaluate -13 - (26 + -73 - -62).
-28
What is the value of 15 - 118 - -36 - -61?
-6
What is -20 + 69 + (-34 - -29)?
44
What is the value of -24 + ((-4 - -11) + 18 - 0)?
1
Evaluate (-2 - (126 - 2)) + (-33 - (53 + -90)).
-122
What is the value of (-3 - -8) + 15 + 137 + -248 + 13?
-78
What is the value of -34 - (-46 - 7) - 6?
13
(-105 - (-2 - -2)) + 40
-65
(-11 - (21 + 1 + -1)) + (8 - 5 - 6)
-35
47 + -21 + (-2 - 9) + 23
38
What is (-4 - 17) + 8 + 0 - (-61 + 11)?
37
Evaluate (8 - -1) + (2703 - 2692) + 97.
117
What is the value of 2 - 32 - -9 - (36 + -33)?
-24
What is the value of (36 - 64 - 1 - 26) + -22?
-77
Evaluate 5 - (3 - (7 - 1)) - ((-2 - 14) + 20).
4
(1 + 12 - (51 + (10 - 39))) + 26
17
Calculate -315 - -330 - (-9 - -38).
-14
What is the value of -35 + 16 + 5 + (-27 - -44)?
3
Calculate -12 - -125 - (354 + -305).
64
Calculate (-1 - 25) + -635 + 648.
-13
What is -108 + (-92 - (12 + -101))?
-111
Calculate (-5 - 16) + -2 + -71 + 87.
-7
What is the value of -6 - (11 + -66 - -41)?
8
(13 - (-32 + 71) - 32) + 17
-41
What is the value of -17 + -6 + -5 - (0 + 2 - (-11 + 12))?
-29
What is the value of 17 - (-25 + 30) - (14 - -1) - (0 - 9)?
6
Evaluate (-6 + 1 - (-17 - -22)) + (81 - 101).
-30
What is the value of (-3902 - -3891) + (-11 - -2)?
-20
What is -1 + -27 + 14 + 17 + (-10 - -1)?
-6
Evaluate -52 - (-94 + (111 - 58)).
-11
What is -7 + (-2 - (-6 - 2) - (-126 + 128) - 3)?
-6
What is the value of -61 + 3 - (-576 - -535)?
-17
Evaluate -262 + 83 + 206 - (2 + 9).
16
What is 3 - 1 - (-7 - -1) - (-97 - (-65 - 66))?
-26
Evaluate (3736 - 3709) + (-2 - -5 - (1 + 9)).
20
What is 44 + -51 - ((22 - (0 - -1)) + (-22 - -23))?
-29
What is -31 + (11 - (21 + -19 - -21))?
-43
What is the value of -2 - (-130 + 146 - (-54 - (-2 - 2)))?
-68
Calculate 13 + (-24 - -3) + 11 + -7 + 6 + 4.
6
What is the value of (-7 + 38 + 15 - (6 + 4)) + 13 + 4?
53
What is the value of (86 - 31) + -38 - (1 - 11) - 12?
15
Evaluate 7 + (-15 - (-4 - 7)) + 6 + -22.
-13
Calculate (56 - 24) + 15 + (2 - -2) + (-28 - -20).
43
Calculate -35 + 11 + (-10 - 1 - -21 - 13).
-27
Evaluate -2 - ((-43 + 17 - -39) + 51).
-66
Calculate (16 - 13) + (0 - -37) - (-16 - -3).
53
Calculate (13 - -4) + -71 + 64 + -12.
-2
-21 - (41 + -21 + -13) - (-2 + 0 + -2)
-24
What is the value of -14 - (14 + -77) - 19 - (-10 + -1)?
41
Evaluate 109 + (-37 - (14 + -17)) + 0 + -1.
74
(0 - -19 - 1) + (9767 - 9741)
44
What is the value of 2 + 1 - (60 + (-3 - 66))?
12
What is the value of 38 - ((23 - 4) + 2) - -13?
30
Evaluate 3 + -15 + (-31 - -9 - (1 + 